{"id":10895,"date":"2023-04-21T16:10:39","date_gmt":"2023-04-21T21:10:39","guid":{"rendered":"https:\/\/tarjetaolimpica.com.co\/Index\/?page_id=10895"},"modified":"2024-02-14T08:48:43","modified_gmt":"2024-02-14T13:48:43","slug":"solicita-tu-compra-de-cartera","status":"publish","type":"page","link":"https:\/\/tarjetaolimpica.com.co\/Index\/solicita-tu-compra-de-cartera\/","title":{"rendered":"Solicita tu Compra de Cartera"},"content":{"rendered":"\t\t<div data-elementor-type=\"wp-page\" data-elementor-id=\"10895\" class=\"elementor elementor-10895\" data-elementor-post-type=\"page\">\n\t\t\t\t\t\t<section class=\"elementor-section elementor-top-section elementor-element elementor-element-84420f8 elementor-section-boxed elementor-section-height-default elementor-section-height-default\" data-id=\"84420f8\" data-element_type=\"section\">\n\t\t\t\t\t\t<div class=\"elementor-container elementor-column-gap-default\">\n\t\t\t\t\t<div class=\"elementor-column elementor-col-50 elementor-top-column elementor-element elementor-element-f49cca8\" data-id=\"f49cca8\" data-element_type=\"column\">\n\t\t\t<div class=\"elementor-widget-wrap elementor-element-populated\">\n\t\t\t\t\t\t<div class=\"elementor-element elementor-element-882be76 elementor-widget elementor-widget-spacer\" data-id=\"882be76\" data-element_type=\"widget\" data-widget_type=\"spacer.default\">\n\t\t\t\t<div class=\"elementor-widget-container\">\n\t\t\t\t\t<div class=\"elementor-spacer\">\n\t\t\t<div class=\"elementor-spacer-inner\"><\/div>\n\t\t<\/div>\n\t\t\t\t<\/div>\n\t\t\t\t<\/div>\n\t\t\t\t<div class=\"elementor-element elementor-element-f32f685 elementor-widget elementor-widget-heading\" data-id=\"f32f685\" data-element_type=\"widget\" data-widget_type=\"heading.default\">\n\t\t\t\t<div class=\"elementor-widget-container\">\n\t\t\t<h2 class=\"elementor-heading-title elementor-size-default\">Consolida tus deudas con tu Tarjeta Ol\u00edmpica<\/h2>\t\t<\/div>\n\t\t\t\t<\/div>\n\t\t\t\t<div class=\"elementor-element elementor-element-bed44c6 elementor-widget elementor-widget-text-editor\" data-id=\"bed44c6\" data-element_type=\"widget\" data-widget_type=\"text-editor.default\">\n\t\t\t\t<div class=\"elementor-widget-container\">\n\t\t\t\t\t\t\t<p>Utiliza el cupo de tu Tarjeta Ol\u00edmpica para consolidar las deudas de otras tarjetas que tengas en otras entidades.<\/p>\t\t\t\t\t\t<\/div>\n\t\t\t\t<\/div>\n\t\t\t\t\t<\/div>\n\t\t<\/div>\n\t\t\t\t<div class=\"elementor-column elementor-col-50 elementor-top-column elementor-element elementor-element-82355fe\" data-id=\"82355fe\" data-element_type=\"column\">\n\t\t\t<div class=\"elementor-widget-wrap elementor-element-populated\">\n\t\t\t\t\t\t<div class=\"elementor-element elementor-element-7c56435 elementor-widget elementor-widget-image\" data-id=\"7c56435\" data-element_type=\"widget\" data-widget_type=\"image.default\">\n\t\t\t\t<div class=\"elementor-widget-container\">\n\t\t\t\t\t\t\t\t\t\t\t\t\t<img fetchpriority=\"high\" decoding=\"async\" width=\"1024\" height=\"698\" src=\"https:\/\/tarjetaolimpica.com.co\/Index\/wp-content\/uploads\/2022\/10\/Compra-de-Cartera-1024x698.png\" class=\"attachment-large size-large wp-image-9258\" alt=\"\" srcset=\"https:\/\/tarjetaolimpica.com.co\/Index\/wp-content\/uploads\/2022\/10\/Compra-de-Cartera-1024x698.png 1024w, https:\/\/tarjetaolimpica.com.co\/Index\/wp-content\/uploads\/2022\/10\/Compra-de-Cartera-300x205.png 300w, https:\/\/tarjetaolimpica.com.co\/Index\/wp-content\/uploads\/2022\/10\/Compra-de-Cartera-768x524.png 768w, https:\/\/tarjetaolimpica.com.co\/Index\/wp-content\/uploads\/2022\/10\/Compra-de-Cartera-1536x1047.png 1536w, https:\/\/tarjetaolimpica.com.co\/Index\/wp-content\/uploads\/2022\/10\/Compra-de-Cartera.png 1555w\" sizes=\"(max-width: 1024px) 100vw, 1024px\" \/>\t\t\t\t\t\t\t\t\t\t\t\t\t<\/div>\n\t\t\t\t<\/div>\n\t\t\t\t\t<\/div>\n\t\t<\/div>\n\t\t\t\t\t<\/div>\n\t\t<\/section>\n\t\t\t\t<section class=\"elementor-section elementor-top-section elementor-element elementor-element-8e1c06b elementor-section-boxed elementor-section-height-default elementor-section-height-default\" data-id=\"8e1c06b\" data-element_type=\"section\">\n\t\t\t\t\t\t<div class=\"elementor-container elementor-column-gap-default\">\n\t\t\t\t\t<div class=\"elementor-column elementor-col-100 elementor-top-column elementor-element elementor-element-3b3daae\" data-id=\"3b3daae\" data-element_type=\"column\">\n\t\t\t<div class=\"elementor-widget-wrap elementor-element-populated\">\n\t\t\t\t\t\t<div class=\"elementor-element elementor-element-a27a62f elementor-widget elementor-widget-heading\" data-id=\"a27a62f\" data-element_type=\"widget\" data-widget_type=\"heading.default\">\n\t\t\t\t<div class=\"elementor-widget-container\">\n\t\t\t<h2 class=\"elementor-heading-title elementor-size-default\">\u00a1Sigue estos pasos!<\/h2>\t\t<\/div>\n\t\t\t\t<\/div>\n\t\t\t\t\t<\/div>\n\t\t<\/div>\n\t\t\t\t\t<\/div>\n\t\t<\/section>\n\t\t\t\t<section class=\"elementor-section elementor-top-section elementor-element elementor-element-2d76c1d elementor-section-boxed elementor-section-height-default elementor-section-height-default\" data-id=\"2d76c1d\" data-element_type=\"section\">\n\t\t\t\t\t\t<div class=\"elementor-container elementor-column-gap-default\">\n\t\t\t\t\t<div class=\"elementor-column elementor-col-100 elementor-top-column elementor-element elementor-element-883d453\" data-id=\"883d453\" data-element_type=\"column\">\n\t\t\t<div class=\"elementor-widget-wrap elementor-element-populated\">\n\t\t\t\t\t\t<div class=\"elementor-element elementor-element-01ea698 elementor-widget elementor-widget-heading\" data-id=\"01ea698\" data-element_type=\"widget\" data-widget_type=\"heading.default\">\n\t\t\t\t<div class=\"elementor-widget-container\">\n\t\t\t<h2 class=\"elementor-heading-title elementor-size-medium\">Para consolidar las deudas de tus tarjetas Mastecard<\/h2>\t\t<\/div>\n\t\t\t\t<\/div>\n\t\t\t\t<div class=\"elementor-element elementor-element-3366120 elementor-widget__width-initial elementor-widget elementor-widget-text-editor\" data-id=\"3366120\" data-element_type=\"widget\" data-widget_type=\"text-editor.default\">\n\t\t\t\t<div class=\"elementor-widget-container\">\n\t\t\t\t\t\t\t<ol><li><span style=\"font-family: verdana, geneva, sans-serif;\">Ingresa con tu usuario y contrase\u00f1a en Serfinanza Virtual Personas desde www.bancoserfinanza.com o a trav\u00e9s de la Aplicaci\u00f3n Serfinanza M\u00f3vil.<\/span><\/li><li><span style=\"font-family: verdana, geneva, sans-serif;\">Selecciona la opci\u00f3n &#8220;Compra de Cartera&#8221; y sigue los pasos ingresando el CVV y fecha de vencimiento de tu Tarjeta Ol\u00edmpica.<\/span><\/li><li><span style=\"font-family: verdana, geneva, sans-serif;\">En &#8220;Seleccione tipo de obligaci\u00f3n&#8221;, elige la opci\u00f3n Tarjeta Mastercard.<\/span><\/li><li><span style=\"font-family: verdana, geneva, sans-serif;\">Ingresa el c\u00f3digo de verificaci\u00f3n enviado a tu celular.<\/span><\/li><li><span style=\"font-family: verdana, geneva, sans-serif;\">\u00a1Y listo! Recibir\u00e1s un mensaje de confirmaci\u00f3n con el valor de la compra de cartera que acabas de realizar.<\/span><\/li><\/ol>\t\t\t\t\t\t<\/div>\n\t\t\t\t<\/div>\n\t\t\t\t<div class=\"elementor-element elementor-element-0feec2f elementor-widget elementor-widget-heading\" data-id=\"0feec2f\" data-element_type=\"widget\" data-widget_type=\"heading.default\">\n\t\t\t\t<div class=\"elementor-widget-container\">\n\t\t\t<h2 class=\"elementor-heading-title elementor-size-medium\">Para consolidar las deudas de otras franquicias o productos <\/h2>\t\t<\/div>\n\t\t\t\t<\/div>\n\t\t\t\t<div class=\"elementor-element elementor-element-6a27fb2 elementor-widget__width-initial elementor-widget elementor-widget-text-editor\" data-id=\"6a27fb2\" data-element_type=\"widget\" data-widget_type=\"text-editor.default\">\n\t\t\t\t<div class=\"elementor-widget-container\">\n\t\t\t\t\t\t\t<ol><li><span style=\"font-family: verdana, geneva, sans-serif;\">Ingresa con tu usuario y contrase\u00f1a a Serfinanza Virtual Personas desde www.bancoserfinanza.com<\/span><\/li><li><span style=\"font-family: verdana, geneva, sans-serif;\">Selecciona la opci\u00f3n &#8220;Compra de Cartera&#8221; y sigue los pasos ingresando el CVV y fecha de vencimiento de tu Tarjeta Ol\u00edmpica.<\/span><\/li><li><span style=\"font-family: verdana, geneva, sans-serif;\">En &#8220;Seleccione tipo de obligaci\u00f3n&#8221;, elige la opci\u00f3n &#8220;Otros productos&#8221;.<\/span><\/li><li><span style=\"font-family: verdana, geneva, sans-serif;\">Diligencia los campos &#8220;Entidad de destino&#8221;, &#8220;N\u00famero de producto&#8221; y &#8220;Valor a comprar&#8221;.\u00a0<\/span><\/li><li><span style=\"font-family: verdana, geneva, sans-serif;\">Si deseas consolidar las deudas en varias entidades, selecciona la opci\u00f3n &#8220;Agregar producto&#8221; y diligencia los campos solicitados.<\/span><\/li><li><span style=\"font-family: verdana, geneva, sans-serif;\">Ingresa el c\u00f3digo de verificaci\u00f3n enviado a tu celular.<\/span><\/li><li><span style=\"font-family: verdana, geneva, sans-serif;\">\u00a1Y listo! Recibir\u00e1s un mensaje de confirmaci\u00f3n con el valor de la compra de cartera que acabas de realizar.<\/span><\/li><\/ol>\t\t\t\t\t\t<\/div>\n\t\t\t\t<\/div>\n\t\t\t\t<div class=\"elementor-element elementor-element-ad3735c elementor-widget__width-initial elementor-widget elementor-widget-text-editor\" data-id=\"ad3735c\" data-element_type=\"widget\" data-widget_type=\"text-editor.default\">\n\t\t\t\t<div class=\"elementor-widget-container\">\n\t\t\t\t\t\t\t<div><span style=\"font-family: verdana, geneva, sans-serif;\">&nbsp;<\/span><\/div>\n<p><strong><span style=\"font-family: verdana, geneva, sans-serif; color: #f73354;\">T\u00e9rminos y Condiciones:<\/span><\/strong><\/p>\n<ul>\n<li>\n<p><span style=\"font-family: verdana, geneva, sans-serif;\">Solo se consolidan las deudas de entidades del sector financiero y bancario, tarjetas de cr\u00e9dito con franquicia, almacenes de cadena, as\u00ed como cr\u00e9ditos de consumo. No aplica para pago de cr\u00e9ditos de vivienda, veh\u00edculo o hipotecario.<\/span><\/p>\n<\/li>\n<li>\n<p><span style=\"font-family: verdana, geneva, sans-serif;\">Solo aplica para tarjetas emitidas en estado normal, sin ning\u00fan tipo de bloqueo. Para que el abono en cuenta pueda ser efectivo la cuenta seleccionada por el titular debe estar en estado activa. No se permitir\u00e1 los desembolsos a clientes que presenten alg\u00fan tipo de embargo en el portafolio de productos del Banco.<\/span><\/p>\n<\/li>\n<li>\n<p><span style=\"font-family: verdana, geneva, sans-serif;\">El cliente debe tener los productos del Banco es estado normal y al d\u00eda.<\/span><\/p>\n<\/li>\n<li>\n<p><span style=\"font-family: verdana, geneva, sans-serif;\">&nbsp;Plazos disponibles para diferir la transacci\u00f3n: 12, 24, 36, 48 o 60 cuotas. El Titular de la Tarjeta debe seleccionar el plazo al momento de realizar la transacci\u00f3n.<\/span><\/p>\n<\/li>\n<li>\n<p><span style=\"font-family: verdana, geneva, sans-serif;\">El valor para consolidar tus deudas es m\u00ednimo de $300.000. Aplica \u00fanicamente para deudas en pesos colombianos.<\/span><\/p>\n<\/li>\n<li>\n<p><span style=\"font-family: verdana, geneva, sans-serif;\">Se encuentra sujeta al cupo disponible de la Tarjeta de cr\u00e9dito de Banco Serfinanza al momento de realizar la compra y el desembolso.<\/span><\/p>\n<\/li>\n<li>\n<p><span style=\"font-family: verdana, geneva, sans-serif;\">Las tasas establecidas para la compra de cartera a Franquicia pueden ser consultadas en: <a href=\"https:\/\/bancoserfinanza.com\/servicio-al-cliente\/tasas\/\">https:\/\/bancoserfinanza.com\/servicio-al-cliente\/tasas\/ <\/a>y dependen del valor del cupo de la Tarjeta Ol\u00edmpica.<\/span><\/p>\n<\/li>\n<li>\n<p><span style=\"font-family: verdana, geneva, sans-serif;\">Las tasas son asignadas con ofertas exclusivas para cada cliente, no son transferibles.<\/span><\/p>\n<\/li>\n<li>\n<p><span style=\"font-family: verdana, geneva, sans-serif;\">La transacci\u00f3n se aplica dentro del saldo de la Tarjeta Ol\u00edmpica como una transacci\u00f3n tipo avance.<\/span><\/p>\n<\/li>\n<li>\n<p><span style=\"font-family: verdana, geneva, sans-serif;\">Los intereses generados se aplican a partir del primer d\u00eda que se solicite la operaci\u00f3n para consolidar deudas.<\/span><\/p>\n<\/li>\n<li>\n<p><span style=\"font-family: verdana, geneva, sans-serif;\">Al momento de solicitar el beneficio de consolidar deudas se disminuye el saldo disponible de la Tarjeta Ol\u00edmpica por el valor de la transacci\u00f3n.<\/span><\/p>\n<\/li>\n<li>\n<p><span style=\"font-family: verdana, geneva, sans-serif;\">Los datos suministrados para realizar la transacci\u00f3n son responsabilidad del Titular de la Tarjeta Ol\u00edmpica y deber\u00e1n ser confirmados antes de realizar la compra de cartera. No aplican reversiones.<\/span><\/p>\n<\/li>\n<li>\n<p><span style=\"font-family: verdana, geneva, sans-serif;\">La transacci\u00f3n ser\u00e1 exitosa y desembolsada en l\u00ednea a la cuenta seleccionada.<\/span><\/p>\n<\/li>\n<li>\n<p><span style=\"font-family: verdana, geneva, sans-serif;\">La transacci\u00f3n generar\u00e1 el cobro de cuota de manejo, de acuerdo con las pol\u00edticas de tarifas establecidas por el Banco.<\/span><\/p>\n<\/li>\n<li>\n<p><span style=\"font-family: verdana, geneva, sans-serif;\">El cliente recibir\u00e1 un mensaje de texto (SMS) al celular registrado en el Banco confirmando que la operaci\u00f3n fue exitosa.<\/span><\/p>\n<\/li>\n<\/ul>\t\t\t\t\t\t<\/div>\n\t\t\t\t<\/div>\n\t\t\t\t\t<\/div>\n\t\t<\/div>\n\t\t\t\t\t<\/div>\n\t\t<\/section>\n\t\t\t\t<\/div>\n\t\t","protected":false},"excerpt":{"rendered":"<p>Consolida tus deudas con tu Tarjeta Ol\u00edmpica Utiliza el cupo de tu Tarjeta Ol\u00edmpica para consolidar las deudas de otras tarjetas que tengas en otras entidades. \u00a1Sigue estos pasos! Para consolidar las deudas de tus tarjetas Mastecard Ingresa con tu usuario y contrase\u00f1a en Serfinanza Virtual Personas desde www.bancoserfinanza.com o a trav\u00e9s de la Aplicaci\u00f3n [&hellip;]<\/p>\n","protected":false},"author":2,"featured_media":0,"parent":0,"menu_order":0,"comment_status":"closed","ping_status":"closed","template":"","meta":{"_eb_attr":"","site-sidebar-layout":"no-sidebar","site-content-layout":"page-builder","ast-site-content-layout":"","site-content-style":"default","site-sidebar-style":"default","ast-global-header-display":"","ast-banner-title-visibility":"","ast-main-header-display":"","ast-hfb-above-header-display":"","ast-hfb-below-header-display":"","ast-hfb-mobile-header-display":"","site-post-title":"disabled","ast-breadcrumbs-content":"","ast-featured-img":"disabled","footer-sml-layout":"","theme-transparent-header-meta":"","adv-header-id-meta":"","stick-header-meta":"","header-above-stick-meta":"","header-main-stick-meta":"","header-below-stick-meta":"","astra-migrate-meta-layouts":"default","ast-page-background-enabled":"default","ast-page-background-meta":{"desktop":{"background-color":"","background-image":"","background-repeat":"repeat","background-position":"center center","background-size":"auto","background-attachment":"scroll","background-type":"","background-media":"","overlay-type":"","overlay-color":"","overlay-opacity":"","overlay-gradient":""},"tablet":{"background-color":"","background-image":"","background-repeat":"repeat","background-position":"center center","background-size":"auto","background-attachment":"scroll","background-type":"","background-media":"","overlay-type":"","overlay-color":"","overlay-opacity":"","overlay-gradient":""},"mobile":{"background-color":"","background-image":"","background-repeat":"repeat","background-position":"center center","background-size":"auto","background-attachment":"scroll","background-type":"","background-media":"","overlay-type":"","overlay-color":"","overlay-opacity":"","overlay-gradient":""}},"ast-content-background-meta":{"desktop":{"background-color":"var(--ast-global-color-5)","background-image":"","background-repeat":"repeat","background-position":"center center","background-size":"auto","background-attachment":"scroll","background-type":"","background-media":"","overlay-type":"","overlay-color":"","overlay-opacity":"","overlay-gradient":""},"tablet":{"background-color":"var(--ast-global-color-5)","background-image":"","background-repeat":"repeat","background-position":"center center","background-size":"auto","background-attachment":"scroll","background-type":"","background-media":"","overlay-type":"","overlay-color":"","overlay-opacity":"","overlay-gradient":""},"mobile":{"background-color":"var(--ast-global-color-5)","background-image":"","background-repeat":"repeat","background-position":"center center","background-size":"auto","background-attachment":"scroll","background-type":"","background-media":"","overlay-type":"","overlay-color":"","overlay-opacity":"","overlay-gradient":""}},"footnotes":""},"yoast_head":"<!-- This site is optimized with the Yoast SEO plugin v22.3 - https:\/\/yoast.com\/wordpress\/plugins\/seo\/ -->\r\n<title>Solicita tu Compra de Cartera -<\/title>\r\n<meta name=\"robots\" content=\"index, follow, max-snippet:-1, max-image-preview:large, max-video-preview:-1\" \/>\r\n<link rel=\"canonical\" href=\"https:\/\/tarjetaolimpica.com.co\/Index\/solicita-tu-compra-de-cartera\/\" \/>\r\n<meta property=\"og:locale\" content=\"es_ES\" \/>\r\n<meta property=\"og:type\" content=\"article\" \/>\r\n<meta property=\"og:title\" content=\"Solicita tu Compra de Cartera -\" \/>\r\n<meta property=\"og:description\" content=\"Consolida tus deudas con tu Tarjeta Ol\u00edmpica Utiliza el cupo de tu Tarjeta Ol\u00edmpica para consolidar las deudas de otras tarjetas que tengas en otras entidades. \u00a1Sigue estos pasos! Para consolidar las deudas de tus tarjetas Mastecard Ingresa con tu usuario y contrase\u00f1a en Serfinanza Virtual Personas desde www.bancoserfinanza.com o a trav\u00e9s de la Aplicaci\u00f3n [&hellip;]\" \/>\r\n<meta property=\"og:url\" content=\"https:\/\/tarjetaolimpica.com.co\/Index\/solicita-tu-compra-de-cartera\/\" \/>\r\n<meta property=\"article:publisher\" content=\"https:\/\/www.facebook.com\/bancoserfinanza\" \/>\r\n<meta property=\"article:modified_time\" content=\"2024-02-14T13:48:43+00:00\" \/>\r\n<meta property=\"og:image\" content=\"https:\/\/tarjetaolimpica.com.co\/Index\/wp-content\/uploads\/2022\/10\/Compra-de-Cartera-1024x698.png\" \/>\r\n<meta name=\"twitter:card\" content=\"summary_large_image\" \/>\r\n<meta name=\"twitter:site\" content=\"@bancoserfinanza\" \/>\r\n<meta name=\"twitter:label1\" content=\"Tiempo estimado de lectura\" \/>\n\t<meta name=\"twitter:data1\" content=\"3 minutos\" \/>\r\n<script type=\"application\/ld+json\" class=\"yoast-schema-graph\">{\"@context\":\"https:\/\/schema.org\",\"@graph\":[{\"@type\":\"WebPage\",\"@id\":\"https:\/\/tarjetaolimpica.com.co\/Index\/solicita-tu-compra-de-cartera\/\",\"url\":\"https:\/\/tarjetaolimpica.com.co\/Index\/solicita-tu-compra-de-cartera\/\",\"name\":\"Solicita tu Compra de Cartera -\",\"isPartOf\":{\"@id\":\"https:\/\/tarjetaolimpica.com.co\/Index\/#website\"},\"primaryImageOfPage\":{\"@id\":\"https:\/\/tarjetaolimpica.com.co\/Index\/solicita-tu-compra-de-cartera\/#primaryimage\"},\"image\":{\"@id\":\"https:\/\/tarjetaolimpica.com.co\/Index\/solicita-tu-compra-de-cartera\/#primaryimage\"},\"thumbnailUrl\":\"https:\/\/tarjetaolimpica.com.co\/Index\/wp-content\/uploads\/2022\/10\/Compra-de-Cartera-1024x698.png\",\"datePublished\":\"2023-04-21T21:10:39+00:00\",\"dateModified\":\"2024-02-14T13:48:43+00:00\",\"breadcrumb\":{\"@id\":\"https:\/\/tarjetaolimpica.com.co\/Index\/solicita-tu-compra-de-cartera\/#breadcrumb\"},\"inLanguage\":\"es-CO\",\"potentialAction\":[{\"@type\":\"ReadAction\",\"target\":[\"https:\/\/tarjetaolimpica.com.co\/Index\/solicita-tu-compra-de-cartera\/\"]}]},{\"@type\":\"ImageObject\",\"inLanguage\":\"es-CO\",\"@id\":\"https:\/\/tarjetaolimpica.com.co\/Index\/solicita-tu-compra-de-cartera\/#primaryimage\",\"url\":\"https:\/\/tarjetaolimpica.com.co\/Index\/wp-content\/uploads\/2022\/10\/Compra-de-Cartera.png\",\"contentUrl\":\"https:\/\/tarjetaolimpica.com.co\/Index\/wp-content\/uploads\/2022\/10\/Compra-de-Cartera.png\",\"width\":1555,\"height\":1060},{\"@type\":\"BreadcrumbList\",\"@id\":\"https:\/\/tarjetaolimpica.com.co\/Index\/solicita-tu-compra-de-cartera\/#breadcrumb\",\"itemListElement\":[{\"@type\":\"ListItem\",\"position\":1,\"name\":\"Home\",\"item\":\"https:\/\/tarjetaolimpica.com.co\/Index\/\"},{\"@type\":\"ListItem\",\"position\":2,\"name\":\"Solicita tu Compra de Cartera\"}]},{\"@type\":\"WebSite\",\"@id\":\"https:\/\/tarjetaolimpica.com.co\/Index\/#website\",\"url\":\"https:\/\/tarjetaolimpica.com.co\/Index\/\",\"name\":\"\",\"description\":\"\",\"publisher\":{\"@id\":\"https:\/\/tarjetaolimpica.com.co\/Index\/#organization\"},\"potentialAction\":[{\"@type\":\"SearchAction\",\"target\":{\"@type\":\"EntryPoint\",\"urlTemplate\":\"https:\/\/tarjetaolimpica.com.co\/Index\/?s={search_term_string}\"},\"query-input\":\"required name=search_term_string\"}],\"inLanguage\":\"es-CO\"},{\"@type\":\"Organization\",\"@id\":\"https:\/\/tarjetaolimpica.com.co\/Index\/#organization\",\"name\":\"Banco Serfinanza\",\"url\":\"https:\/\/tarjetaolimpica.com.co\/Index\/\",\"logo\":{\"@type\":\"ImageObject\",\"inLanguage\":\"es-CO\",\"@id\":\"https:\/\/tarjetaolimpica.com.co\/Index\/#\/schema\/logo\/image\/\",\"url\":\"https:\/\/tarjetaolimpica.com.co\/Index\/wp-content\/uploads\/2019\/01\/Logo-Serfinanza-2.png\",\"contentUrl\":\"https:\/\/tarjetaolimpica.com.co\/Index\/wp-content\/uploads\/2019\/01\/Logo-Serfinanza-2.png\",\"width\":339,\"height\":78,\"caption\":\"Banco Serfinanza\"},\"image\":{\"@id\":\"https:\/\/tarjetaolimpica.com.co\/Index\/#\/schema\/logo\/image\/\"},\"sameAs\":[\"https:\/\/www.facebook.com\/bancoserfinanza\",\"https:\/\/twitter.com\/bancoserfinanza\",\"https:\/\/www.instagram.com\/bancoserfinanza\"]}]}<\/script>\r\n<!-- \/ Yoast SEO plugin. -->","yoast_head_json":{"title":"Solicita tu Compra de Cartera -","robots":{"index":"index","follow":"follow","max-snippet":"max-snippet:-1","max-image-preview":"max-image-preview:large","max-video-preview":"max-video-preview:-1"},"canonical":"https:\/\/tarjetaolimpica.com.co\/Index\/solicita-tu-compra-de-cartera\/","og_locale":"es_ES","og_type":"article","og_title":"Solicita tu Compra de Cartera -","og_description":"Consolida tus deudas con tu Tarjeta Ol\u00edmpica Utiliza el cupo de tu Tarjeta Ol\u00edmpica para consolidar las deudas de otras tarjetas que tengas en otras entidades. \u00a1Sigue estos pasos! Para consolidar las deudas de tus tarjetas Mastecard Ingresa con tu usuario y contrase\u00f1a en Serfinanza Virtual Personas desde www.bancoserfinanza.com o a trav\u00e9s de la Aplicaci\u00f3n [&hellip;]","og_url":"https:\/\/tarjetaolimpica.com.co\/Index\/solicita-tu-compra-de-cartera\/","article_publisher":"https:\/\/www.facebook.com\/bancoserfinanza","article_modified_time":"2024-02-14T13:48:43+00:00","og_image":[{"url":"https:\/\/tarjetaolimpica.com.co\/Index\/wp-content\/uploads\/2022\/10\/Compra-de-Cartera-1024x698.png"}],"twitter_card":"summary_large_image","twitter_site":"@bancoserfinanza","twitter_misc":{"Tiempo estimado de lectura":"3 minutos"},"schema":{"@context":"https:\/\/schema.org","@graph":[{"@type":"WebPage","@id":"https:\/\/tarjetaolimpica.com.co\/Index\/solicita-tu-compra-de-cartera\/","url":"https:\/\/tarjetaolimpica.com.co\/Index\/solicita-tu-compra-de-cartera\/","name":"Solicita tu Compra de Cartera -","isPartOf":{"@id":"https:\/\/tarjetaolimpica.com.co\/Index\/#website"},"primaryImageOfPage":{"@id":"https:\/\/tarjetaolimpica.com.co\/Index\/solicita-tu-compra-de-cartera\/#primaryimage"},"image":{"@id":"https:\/\/tarjetaolimpica.com.co\/Index\/solicita-tu-compra-de-cartera\/#primaryimage"},"thumbnailUrl":"https:\/\/tarjetaolimpica.com.co\/Index\/wp-content\/uploads\/2022\/10\/Compra-de-Cartera-1024x698.png","datePublished":"2023-04-21T21:10:39+00:00","dateModified":"2024-02-14T13:48:43+00:00","breadcrumb":{"@id":"https:\/\/tarjetaolimpica.com.co\/Index\/solicita-tu-compra-de-cartera\/#breadcrumb"},"inLanguage":"es-CO","potentialAction":[{"@type":"ReadAction","target":["https:\/\/tarjetaolimpica.com.co\/Index\/solicita-tu-compra-de-cartera\/"]}]},{"@type":"ImageObject","inLanguage":"es-CO","@id":"https:\/\/tarjetaolimpica.com.co\/Index\/solicita-tu-compra-de-cartera\/#primaryimage","url":"https:\/\/tarjetaolimpica.com.co\/Index\/wp-content\/uploads\/2022\/10\/Compra-de-Cartera.png","contentUrl":"https:\/\/tarjetaolimpica.com.co\/Index\/wp-content\/uploads\/2022\/10\/Compra-de-Cartera.png","width":1555,"height":1060},{"@type":"BreadcrumbList","@id":"https:\/\/tarjetaolimpica.com.co\/Index\/solicita-tu-compra-de-cartera\/#breadcrumb","itemListElement":[{"@type":"ListItem","position":1,"name":"Home","item":"https:\/\/tarjetaolimpica.com.co\/Index\/"},{"@type":"ListItem","position":2,"name":"Solicita tu Compra de Cartera"}]},{"@type":"WebSite","@id":"https:\/\/tarjetaolimpica.com.co\/Index\/#website","url":"https:\/\/tarjetaolimpica.com.co\/Index\/","name":"","description":"","publisher":{"@id":"https:\/\/tarjetaolimpica.com.co\/Index\/#organization"},"potentialAction":[{"@type":"SearchAction","target":{"@type":"EntryPoint","urlTemplate":"https:\/\/tarjetaolimpica.com.co\/Index\/?s={search_term_string}"},"query-input":"required name=search_term_string"}],"inLanguage":"es-CO"},{"@type":"Organization","@id":"https:\/\/tarjetaolimpica.com.co\/Index\/#organization","name":"Banco Serfinanza","url":"https:\/\/tarjetaolimpica.com.co\/Index\/","logo":{"@type":"ImageObject","inLanguage":"es-CO","@id":"https:\/\/tarjetaolimpica.com.co\/Index\/#\/schema\/logo\/image\/","url":"https:\/\/tarjetaolimpica.com.co\/Index\/wp-content\/uploads\/2019\/01\/Logo-Serfinanza-2.png","contentUrl":"https:\/\/tarjetaolimpica.com.co\/Index\/wp-content\/uploads\/2019\/01\/Logo-Serfinanza-2.png","width":339,"height":78,"caption":"Banco Serfinanza"},"image":{"@id":"https:\/\/tarjetaolimpica.com.co\/Index\/#\/schema\/logo\/image\/"},"sameAs":["https:\/\/www.facebook.com\/bancoserfinanza","https:\/\/twitter.com\/bancoserfinanza","https:\/\/www.instagram.com\/bancoserfinanza"]}]}},"_links":{"self":[{"href":"https:\/\/tarjetaolimpica.com.co\/Index\/wp-json\/wp\/v2\/pages\/10895"}],"collection":[{"href":"https:\/\/tarjetaolimpica.com.co\/Index\/wp-json\/wp\/v2\/pages"}],"about":[{"href":"https:\/\/tarjetaolimpica.com.co\/Index\/wp-json\/wp\/v2\/types\/page"}],"author":[{"embeddable":true,"href":"https:\/\/tarjetaolimpica.com.co\/Index\/wp-json\/wp\/v2\/users\/2"}],"replies":[{"embeddable":true,"href":"https:\/\/tarjetaolimpica.com.co\/Index\/wp-json\/wp\/v2\/comments?post=10895"}],"version-history":[{"count":83,"href":"https:\/\/tarjetaolimpica.com.co\/Index\/wp-json\/wp\/v2\/pages\/10895\/revisions"}],"predecessor-version":[{"id":13606,"href":"https:\/\/tarjetaolimpica.com.co\/Index\/wp-json\/wp\/v2\/pages\/10895\/revisions\/13606"}],"wp:attachment":[{"href":"https:\/\/tarjetaolimpica.com.co\/Index\/wp-json\/wp\/v2\/media?parent=10895"}],"curies":[{"name":"wp","href":"https:\/\/api.w.org\/{rel}","templated":true}]}}